{"id":324,"date":"2023-11-25T13:42:38","date_gmt":"2023-11-25T12:42:38","guid":{"rendered":"https:\/\/philippeturbin.fr\/?page_id=324"},"modified":"2023-11-25T13:44:22","modified_gmt":"2023-11-25T12:44:22","slug":"fagon-turbin-duo-trio-quartet-jazz","status":"publish","type":"page","link":"https:\/\/philippeturbin.fr\/index.php\/fagon-turbin-duo-trio-quartet-jazz\/","title":{"rendered":"FAGON \/ TURBIN duo, trio, quartet (jazz)"},"content":{"rendered":"\n<p><\/p>\n\n\n\n<figure class=\"wp-block-image size-full\"><img loading=\"lazy\" decoding=\"async\" width=\"960\" height=\"762\" src=\"https:\/\/philippeturbin.fr\/wp-content\/uploads\/2023\/11\/turbinquartetretcomp.jpg\" alt=\"\" class=\"wp-image-323\" srcset=\"https:\/\/philippeturbin.fr\/wp-content\/uploads\/2023\/11\/turbinquartetretcomp.jpg 960w, https:\/\/philippeturbin.fr\/wp-content\/uploads\/2023\/11\/turbinquartetretcomp-300x238.jpg 300w, https:\/\/philippeturbin.fr\/wp-content\/uploads\/2023\/11\/turbinquartetretcomp-768x610.jpg 768w\" sizes=\"auto, (max-width: 960px) 100vw, 960px\" \/><\/figure>\n\n\n\n <div id=\"wrapperMI_0\" class=\"wrap-mjp nostop flip \" style=\"position: relative; padding:5px 0px 30px 0px; margin:0px; width:100%;\">\n\t<div style=\"display:none;\" class=\"Eabove-mjp\" id=\"Eabove-mjp_0\"><\/div>\n\t <div class=\"subwrap-MI\">\n\t\t <div class=\"jp-innerwrap\">\n\t\t\t <div class=\"innerx\"><\/div>\n\t\t\t <div class=\"innerleft\"><\/div>\n\t\t\t <div class=\"innerright\"><\/div>\n\t\t\t <div class=\"innertab\"><\/div>\n\t\t\t <div class=\"interface-mjp\" style=\"height:120px;\" id=\"interfaceMI_0\">\n\t\t\t\t <div class=\"MI-image Himg left-mjp\" id=\"MI_image_0\" style=\" width:auto; height:120px; overflow:false;\"><\/div>\n\t\t\t\t <div id=\"T_mp3j_0\" class=\"player-track-title right-mjp bold-mjp plain-mjp childNorm-mjp childItalic-mjp\" style=\"left:36px; right:36px;  top:30px;\"><\/div>\n\t\t\t\t <div class=\"bars_holder\">\n\t\t\t\t\t <div class=\"loadMI_mp3j\" id=\"load_mp3j_0\"><\/div>\n\t\t\t\t\t <div class=\"poscolMI_mp3j soften-mjp\" id=\"poscol_mp3j_0\"><\/div>\n\t\t\t\t\t <div class=\"posbarMI_mp3j\" id=\"posbar_mp3j_0\"><\/div>\n\t\t\t\t <\/div>\n\t\t\t\t <div id=\"P-Time-MI_0\" class=\"jp-play-time\"><\/div>\n\t\t\t\t <div id=\"T-Time-MI_0\" class=\"jp-total-time\"><\/div>\n\t\t\t\t <div id=\"statusMI_0\" class=\"statusMI\"><\/div>\n\t\t\t\t <div class=\"transport-MI\"><div class=\"play-mjp\" id=\"playpause_mp3j_0\">Play<\/div><div class=\"stop-mjp\" id=\"stop_mp3j_0\">Stop<\/div><div class=\"next-mjp\" id=\"Next_mp3j_0\">Next&raquo;<\/div><div class=\"prev-mjp\" id=\"Prev_mp3j_0\">&laquo;Prev<\/div><\/div>\n\t\t\t\t <div class=\"buttons-wrap-mjp\" id=\"buttons-wrap-mjp_0\">\n\t\t\t\t\t <div class=\"playlist-toggle-MI\" id=\"playlist-toggle_0\">HIDE PLAYLIST<\/div>\n\t\t\t\t\t <div class=\"mp3j-popout-MI\" id=\"lpp_mp3j_0\" style=\"\"><\/div>\n\t\t\t\t\t \n\t\t\t\t <\/div>\n\t\t\t <\/div>\n\t\t\t <div class=\"mjp-volwrap\">\n\t\t\t\t <div class=\"MIsliderVolume\" id=\"vol_mp3j_0\"><\/div>\n\t\t\t\t <div class=\"innerExt1\" id=\"innerExt1_0\"><\/div>\n\t\t\t\t <div class=\"innerExt2\" id=\"innerExt2_0\"><\/div>\n\t\t\t <\/div>\n\t\t <\/div>\n\t\t <div style=\"display:none;\" class=\"Ebetween-mjp\" id=\"Ebetween-mjp_0\"><\/div>\n\t\t <div class=\"listwrap_mp3j\" id=\"L_mp3j_0\" style=\"overflow:auto; max-height:450px;\"><div class=\"wrapper-mjp\"><div class=\"playlist-colour\"><\/div><div class=\"wrapper-mjp\"><ul class=\"ul-mjp childNorm-mjp childPlain-mjp left-mjp\" id=\"UL_mp3j_0\"><li><\/li><\/ul><\/div><\/div><\/div>\n\t <\/div>\n\t <div id=\"mp3j_finfo_0\" class=\"mp3j-finfo\" style=\"display:none;\"><div class=\"mp3j-finfo-sleeve\"><div id=\"mp3j_finfo_gif_0\" class=\"mp3j-finfo-gif\"><\/div><div id=\"mp3j_finfo_txt_0\" class=\"mp3j-finfo-txt\"><\/div><div class=\"mp3j-finfo-close\" id=\"mp3j_finfo_close_0\">X<\/div><\/div><\/div><div id=\"mp3j_dlf_0\" class=\"mp3j-dlframe\" style=\"display:none;\"><\/div>\n\t <div class=\"mp3j-nosolution\" id=\"mp3j_nosolution_0\" style=\"display:none;\"><\/div>\n\t <div style=\"display:none;\" class=\"Ebelow-mjp\" id=\"Ebelow-mjp_0\"><\/div>\n <\/div> \n<script>\nMP3jPLAYLISTS.MI_0 = [\n\t{ name: \"1. Footprints\", formats: [\"mp3\"], mp3: \"aHR0cHM6Ly9waGlsaXBwZXR1cmJpbi5mci93cC1jb250ZW50L3VwbG9hZHMvMjAyMy8xMS9EdW8tRi5GYWdvbi1QLlR1cmJpbi1Gb290cHJpbnRzLm1wMw==\", counterpart:\"\", artist: \"Wayne Shorter\", image: \"false\", imgurl: \"\" },\n\t{ name: \"2. It don't mean a think\", formats: [\"mp3\"], mp3: \"aHR0cHM6Ly9waGlsaXBwZXR1cmJpbi5mci93cC1jb250ZW50L3VwbG9hZHMvMjAyMy8xMS9EdW8tRi5GYWdvbi1QLlR1cmJpbi1pdC1kb250LW1lYW4tYS10aGluay5tcDM=\", counterpart:\"\", artist: \"Duke Ellington\", image: \"false\", imgurl: \"\" },\n\t{ name: \"3. My Funny Valentine\", formats: [\"mp3\"], mp3: \"aHR0cHM6Ly9waGlsaXBwZXR1cmJpbi5mci93cC1jb250ZW50L3VwbG9hZHMvMjAyMy8xMS9EdW8tRi5GYWdvbi1QLlR1cmJpbi1NeS1GdW5ueS1WYWxlbnRpbmUubXAz\", counterpart:\"\", artist: \"Richard Rodgers\", image: \"false\", imgurl: \"\" },\n\t{ name: \"4. On green dolphin street\", formats: [\"mp3\"], mp3: \"aHR0cHM6Ly9waGlsaXBwZXR1cmJpbi5mci93cC1jb250ZW50L3VwbG9hZHMvMjAyMy8xMS9EdW8tRi5GYWdvbi1QLlR1cmJpbi1Pbi1ncmVlbi1kb2xwaGluLXN0cmVldC5tcDM=\", counterpart:\"\", artist: \"Bronislaw Kaper\", image: \"false\", imgurl: \"\" },\n\t{ name: \"5. Summertime\", formats: [\"mp3\"], mp3: \"aHR0cHM6Ly9waGlsaXBwZXR1cmJpbi5mci93cC1jb250ZW50L3VwbG9hZHMvMjAyMy8xMS9EdW8tRi5GYWdvbi1QLlR1cmJpbi1TdW1tZXJ0aW1lLm1wMw==\", counterpart:\"\", artist: \"George Gershwin\", image: \"false\", imgurl: \"\" }\n];\n<\/script>\n\n<script>MP3jPLAYERS[0] = { list:MP3jPLAYLISTS.MI_0, tr:0, type:'MI', lstate:true, loop:false, play_txt:'Play', pause_txt:'Pause', pp_title:'Philippe Turbin', autoplay:false, download:false, vol:100, height:120, cssclass:'nostop flip ', popout_css:{ enabled:true, \t\t\tcolours: [\"#f0f0f0\", \"rgba(0, 0, 0, 0.18)\", \"rgba(167, 167, 167, 0.55)\", \"rgba(49, 49, 49, 0.64)\", \"rgba(0, 180, 37, 0.91)\", \"#d3d3d3\", \"#d8d8d8\", \"#3d3232\", \"#262120\", \"#262120\", \"#11912b\", \"\/\", 400, 600 ],\n\t\t\tcssInterface: { \"color\": \"#3d3232\" },\n\t\t\tcssTitle: { \"left\": \"36px\", \"right\":\"36px\", \"top\":\"30px\" },\n\t\t\tcssImage: { \"overflow\": \"false\", \"width\":\"auto\", \"height\":\"120px\"  },\n\t\t\tcssFontSize: { \"title\": \"22px\", \"caption\": \"15.4px\", \"list\": \"18px\" },\n\t\t\tclasses: { interface:'', title:' right-mjp bold-mjp plain-mjp childNorm-mjp childItalic-mjp', image:' Himg left-mjp', poscol:' soften-mjp', ul:' childNorm-mjp childPlain-mjp left-mjp' }} };<\/script>\n\n\n\n\n\n<p>Ce pianiste de talent et ce clarinettiste\/saxophoniste ne se sont jamais perdus de vue depuis la cr\u00e9ation du groupe de musique bretonne Yao en 2002. Et c&rsquo;est tout naturellement que pendant qu&rsquo;ils se r\u00e9pondent en fest-noz, ils se retrouvent aussi dans cet autre registre qu&rsquo;est le jazz en duo, trio ou quartet avec Nicolas Besnerais \u00e0 la contrebasse et Nicolas Pointard \u00e0 la batterie.<\/p>\n\n\n\n<p><a href=\"http:\/\/www.franckfagon.com\/\">Franck Fagon<\/a> est un musicien \u00e9clectique et boulimique,toujours gourmand de nouvelles exp\u00e9riences et avide de convivialit\u00e9. Avec ses clarinettes, clarinette basse et diff\u00e9rents saxophones, il aborde depuis plusieurs ann\u00e9es d\u00e9j\u00e0 diff\u00e9rents univers musicaux et participe \u00e0 des exp\u00e9riences artistiques aussi nombreuses que vari\u00e9es. Le monde des musiques traditionnelles, le jazz sous diff\u00e9rentes formes, en rue ou sur sc\u00e8ne, le blues, les musiques latines, le reggae, la chanson, l\u2019improvisation am\u00e8nent aussi dans ce parcours des connections avec le monde du th\u00e9\u00e2tre, de la danse et de l\u2019audiovisuel.<\/p>\n\n\n\n<p><\/p>\n","protected":false},"excerpt":{"rendered":"<p>Ce pianiste de talent et ce clarinettiste\/saxophoniste ne se sont jamais perdus de vue depuis la cr\u00e9ation du groupe de musique bretonne Yao en 2002. Et c&rsquo;est tout naturellement que pendant qu&rsquo;ils se r\u00e9pondent en fest-noz, ils se retrouvent aussi dans cet autre registre qu&rsquo;est le jazz en duo, trio ou quartet avec Nicolas Besnerais \u00e0 la contrebasse et Nicolas Pointard \u00e0 la batterie. Franck Fagon est un musicien \u00e9clectique et boulimique,toujours gourmand de nouvelles exp\u00e9riences et avide de convivialit\u00e9. Avec ses clarinettes, clarinette basse et diff\u00e9rents saxophones, il aborde depuis plusieurs ann\u00e9es d\u00e9j\u00e0 diff\u00e9rents univers musicaux et participe \u00e0 des exp\u00e9riences artistiques aussi nombreuses que vari\u00e9es. Le monde des musiques traditionnelles, le jazz sous diff\u00e9rentes formes, en rue ou sur sc\u00e8ne, le blues, les musiques latines, le reggae, la chanson, l\u2019improvisation am\u00e8nent aussi dans ce parcours des connections avec le monde du th\u00e9\u00e2tre, de la danse et de l\u2019audiovisuel.<\/p>\n","protected":false},"author":3,"featured_media":0,"parent":0,"menu_order":0,"comment_status":"closed","ping_status":"closed","template":"","meta":{"footnotes":""},"class_list":["post-324","page","type-page","status-publish","hentry"],"yoast_head":"<!-- This site is optimized with the Yoast SEO plugin v21.4 - https:\/\/yoast.com\/wordpress\/plugins\/seo\/ -->\n<title>FAGON \/ TURBIN duo, trio, quartet (jazz) - Philippe Turbin<\/title>\n<meta name=\"robots\" content=\"index, follow, max-snippet:-1, max-image-preview:large, max-video-preview:-1\" \/>\n<link rel=\"canonical\" href=\"https:\/\/philippeturbin.fr\/index.php\/fagon-turbin-duo-trio-quartet-jazz\/\" \/>\n<meta property=\"og:locale\" content=\"fr_FR\" \/>\n<meta property=\"og:type\" content=\"article\" \/>\n<meta property=\"og:title\" content=\"FAGON \/ TURBIN duo, trio, quartet (jazz) - Philippe Turbin\" \/>\n<meta property=\"og:description\" content=\"Ce pianiste de talent et ce clarinettiste\/saxophoniste ne se sont jamais perdus de vue depuis la cr\u00e9ation du groupe de musique bretonne Yao en 2002. Et c&rsquo;est tout naturellement que pendant qu&rsquo;ils se r\u00e9pondent en fest-noz, ils se retrouvent aussi dans cet autre registre qu&rsquo;est le jazz en duo, trio ou quartet avec Nicolas Besnerais \u00e0 la contrebasse et Nicolas Pointard \u00e0 la batterie. Franck Fagon est un musicien \u00e9clectique et boulimique,toujours gourmand de nouvelles exp\u00e9riences et avide de convivialit\u00e9. Avec ses clarinettes, clarinette basse et diff\u00e9rents saxophones, il aborde depuis plusieurs ann\u00e9es d\u00e9j\u00e0 diff\u00e9rents univers musicaux et participe \u00e0 des exp\u00e9riences artistiques aussi nombreuses que vari\u00e9es. Le monde des musiques traditionnelles, le jazz sous diff\u00e9rentes formes, en rue ou sur sc\u00e8ne, le blues, les musiques latines, le reggae, la chanson, l\u2019improvisation am\u00e8nent aussi dans ce parcours des connections avec le monde du th\u00e9\u00e2tre, de la danse et de l\u2019audiovisuel.\" \/>\n<meta property=\"og:url\" content=\"https:\/\/philippeturbin.fr\/index.php\/fagon-turbin-duo-trio-quartet-jazz\/\" \/>\n<meta property=\"og:site_name\" content=\"Philippe Turbin\" \/>\n<meta property=\"article:publisher\" content=\"https:\/\/www.facebook.com\/philippe.turbin.9\" \/>\n<meta property=\"article:modified_time\" content=\"2023-11-25T12:44:22+00:00\" \/>\n<meta property=\"og:image\" content=\"https:\/\/philippeturbin.fr\/wp-content\/uploads\/2023\/11\/turbinquartetretcomp.jpg\" \/>\n<meta name=\"twitter:card\" content=\"summary_large_image\" \/>\n<meta name=\"twitter:label1\" content=\"Dur\u00e9e de lecture estim\u00e9e\" \/>\n\t<meta name=\"twitter:data1\" content=\"1 minute\" \/>\n<script type=\"application\/ld+json\" class=\"yoast-schema-graph\">{\"@context\":\"https:\/\/schema.org\",\"@graph\":[{\"@type\":\"WebPage\",\"@id\":\"https:\/\/philippeturbin.fr\/index.php\/fagon-turbin-duo-trio-quartet-jazz\/\",\"url\":\"https:\/\/philippeturbin.fr\/index.php\/fagon-turbin-duo-trio-quartet-jazz\/\",\"name\":\"FAGON \/ TURBIN duo, trio, quartet (jazz) - Philippe Turbin\",\"isPartOf\":{\"@id\":\"https:\/\/philippeturbin.fr\/#website\"},\"datePublished\":\"2023-11-25T12:42:38+00:00\",\"dateModified\":\"2023-11-25T12:44:22+00:00\",\"breadcrumb\":{\"@id\":\"https:\/\/philippeturbin.fr\/index.php\/fagon-turbin-duo-trio-quartet-jazz\/#breadcrumb\"},\"inLanguage\":\"fr-FR\",\"potentialAction\":[{\"@type\":\"ReadAction\",\"target\":[\"https:\/\/philippeturbin.fr\/index.php\/fagon-turbin-duo-trio-quartet-jazz\/\"]}]},{\"@type\":\"BreadcrumbList\",\"@id\":\"https:\/\/philippeturbin.fr\/index.php\/fagon-turbin-duo-trio-quartet-jazz\/#breadcrumb\",\"itemListElement\":[{\"@type\":\"ListItem\",\"position\":1,\"name\":\"Accueil\",\"item\":\"https:\/\/philippeturbin.fr\/\"},{\"@type\":\"ListItem\",\"position\":2,\"name\":\"FAGON \/ TURBIN duo, trio, quartet (jazz)\"}]},{\"@type\":\"WebSite\",\"@id\":\"https:\/\/philippeturbin.fr\/#website\",\"url\":\"https:\/\/philippeturbin.fr\/\",\"name\":\"Philippe Turbin\",\"description\":\"\",\"publisher\":{\"@id\":\"https:\/\/philippeturbin.fr\/#organization\"},\"alternateName\":\"Philippe Turbin, pianiste\",\"potentialAction\":[{\"@type\":\"SearchAction\",\"target\":{\"@type\":\"EntryPoint\",\"urlTemplate\":\"https:\/\/philippeturbin.fr\/?s={search_term_string}\"},\"query-input\":\"required name=search_term_string\"}],\"inLanguage\":\"fr-FR\"},{\"@type\":\"Organization\",\"@id\":\"https:\/\/philippeturbin.fr\/#organization\",\"name\":\"Philippe Turbin\",\"url\":\"https:\/\/philippeturbin.fr\/\",\"logo\":{\"@type\":\"ImageObject\",\"inLanguage\":\"fr-FR\",\"@id\":\"https:\/\/philippeturbin.fr\/#\/schema\/logo\/image\/\",\"url\":\"https:\/\/philippeturbin.fr\/wp-content\/uploads\/2023\/09\/cropped-PhilippeTurbin06bdef.jpg\",\"contentUrl\":\"https:\/\/philippeturbin.fr\/wp-content\/uploads\/2023\/09\/cropped-PhilippeTurbin06bdef.jpg\",\"width\":1600,\"height\":230,\"caption\":\"Philippe Turbin\"},\"image\":{\"@id\":\"https:\/\/philippeturbin.fr\/#\/schema\/logo\/image\/\"},\"sameAs\":[\"https:\/\/www.facebook.com\/philippe.turbin.9\"]}]}<\/script>\n<!-- \/ Yoast SEO plugin. -->","yoast_head_json":{"title":"FAGON \/ TURBIN duo, trio, quartet (jazz) - Philippe Turbin","robots":{"index":"index","follow":"follow","max-snippet":"max-snippet:-1","max-image-preview":"max-image-preview:large","max-video-preview":"max-video-preview:-1"},"canonical":"https:\/\/philippeturbin.fr\/index.php\/fagon-turbin-duo-trio-quartet-jazz\/","og_locale":"fr_FR","og_type":"article","og_title":"FAGON \/ TURBIN duo, trio, quartet (jazz) - Philippe Turbin","og_description":"Ce pianiste de talent et ce clarinettiste\/saxophoniste ne se sont jamais perdus de vue depuis la cr\u00e9ation du groupe de musique bretonne Yao en 2002. Et c&rsquo;est tout naturellement que pendant qu&rsquo;ils se r\u00e9pondent en fest-noz, ils se retrouvent aussi dans cet autre registre qu&rsquo;est le jazz en duo, trio ou quartet avec Nicolas Besnerais \u00e0 la contrebasse et Nicolas Pointard \u00e0 la batterie. Franck Fagon est un musicien \u00e9clectique et boulimique,toujours gourmand de nouvelles exp\u00e9riences et avide de convivialit\u00e9. Avec ses clarinettes, clarinette basse et diff\u00e9rents saxophones, il aborde depuis plusieurs ann\u00e9es d\u00e9j\u00e0 diff\u00e9rents univers musicaux et participe \u00e0 des exp\u00e9riences artistiques aussi nombreuses que vari\u00e9es. Le monde des musiques traditionnelles, le jazz sous diff\u00e9rentes formes, en rue ou sur sc\u00e8ne, le blues, les musiques latines, le reggae, la chanson, l\u2019improvisation am\u00e8nent aussi dans ce parcours des connections avec le monde du th\u00e9\u00e2tre, de la danse et de l\u2019audiovisuel.","og_url":"https:\/\/philippeturbin.fr\/index.php\/fagon-turbin-duo-trio-quartet-jazz\/","og_site_name":"Philippe Turbin","article_publisher":"https:\/\/www.facebook.com\/philippe.turbin.9","article_modified_time":"2023-11-25T12:44:22+00:00","og_image":[{"url":"https:\/\/philippeturbin.fr\/wp-content\/uploads\/2023\/11\/turbinquartetretcomp.jpg"}],"twitter_card":"summary_large_image","twitter_misc":{"Dur\u00e9e de lecture estim\u00e9e":"1 minute"},"schema":{"@context":"https:\/\/schema.org","@graph":[{"@type":"WebPage","@id":"https:\/\/philippeturbin.fr\/index.php\/fagon-turbin-duo-trio-quartet-jazz\/","url":"https:\/\/philippeturbin.fr\/index.php\/fagon-turbin-duo-trio-quartet-jazz\/","name":"FAGON \/ TURBIN duo, trio, quartet (jazz) - Philippe Turbin","isPartOf":{"@id":"https:\/\/philippeturbin.fr\/#website"},"datePublished":"2023-11-25T12:42:38+00:00","dateModified":"2023-11-25T12:44:22+00:00","breadcrumb":{"@id":"https:\/\/philippeturbin.fr\/index.php\/fagon-turbin-duo-trio-quartet-jazz\/#breadcrumb"},"inLanguage":"fr-FR","potentialAction":[{"@type":"ReadAction","target":["https:\/\/philippeturbin.fr\/index.php\/fagon-turbin-duo-trio-quartet-jazz\/"]}]},{"@type":"BreadcrumbList","@id":"https:\/\/philippeturbin.fr\/index.php\/fagon-turbin-duo-trio-quartet-jazz\/#breadcrumb","itemListElement":[{"@type":"ListItem","position":1,"name":"Accueil","item":"https:\/\/philippeturbin.fr\/"},{"@type":"ListItem","position":2,"name":"FAGON \/ TURBIN duo, trio, quartet (jazz)"}]},{"@type":"WebSite","@id":"https:\/\/philippeturbin.fr\/#website","url":"https:\/\/philippeturbin.fr\/","name":"Philippe Turbin","description":"","publisher":{"@id":"https:\/\/philippeturbin.fr\/#organization"},"alternateName":"Philippe Turbin, pianiste","potentialAction":[{"@type":"SearchAction","target":{"@type":"EntryPoint","urlTemplate":"https:\/\/philippeturbin.fr\/?s={search_term_string}"},"query-input":"required name=search_term_string"}],"inLanguage":"fr-FR"},{"@type":"Organization","@id":"https:\/\/philippeturbin.fr\/#organization","name":"Philippe Turbin","url":"https:\/\/philippeturbin.fr\/","logo":{"@type":"ImageObject","inLanguage":"fr-FR","@id":"https:\/\/philippeturbin.fr\/#\/schema\/logo\/image\/","url":"https:\/\/philippeturbin.fr\/wp-content\/uploads\/2023\/09\/cropped-PhilippeTurbin06bdef.jpg","contentUrl":"https:\/\/philippeturbin.fr\/wp-content\/uploads\/2023\/09\/cropped-PhilippeTurbin06bdef.jpg","width":1600,"height":230,"caption":"Philippe Turbin"},"image":{"@id":"https:\/\/philippeturbin.fr\/#\/schema\/logo\/image\/"},"sameAs":["https:\/\/www.facebook.com\/philippe.turbin.9"]}]}},"_links":{"self":[{"href":"https:\/\/philippeturbin.fr\/index.php\/wp-json\/wp\/v2\/pages\/324","targetHints":{"allow":["GET"]}}],"collection":[{"href":"https:\/\/philippeturbin.fr\/index.php\/wp-json\/wp\/v2\/pages"}],"about":[{"href":"https:\/\/philippeturbin.fr\/index.php\/wp-json\/wp\/v2\/types\/page"}],"author":[{"embeddable":true,"href":"https:\/\/philippeturbin.fr\/index.php\/wp-json\/wp\/v2\/users\/3"}],"replies":[{"embeddable":true,"href":"https:\/\/philippeturbin.fr\/index.php\/wp-json\/wp\/v2\/comments?post=324"}],"version-history":[{"count":5,"href":"https:\/\/philippeturbin.fr\/index.php\/wp-json\/wp\/v2\/pages\/324\/revisions"}],"predecessor-version":[{"id":329,"href":"https:\/\/philippeturbin.fr\/index.php\/wp-json\/wp\/v2\/pages\/324\/revisions\/329"}],"wp:attachment":[{"href":"https:\/\/philippeturbin.fr\/index.php\/wp-json\/wp\/v2\/media?parent=324"}],"curies":[{"name":"wp","href":"https:\/\/api.w.org\/{rel}","templated":true}]}}